se -5*j = h*m - 5, 3 = -3*j - 2*m + 2. Calculate the greatest common factor of 6 and j.
3
Let d be 9*(-2)/(-4)*14. Suppose 0 = -5*p + a - 140, -p + 17 - 45 = 4*a. Let y be (4/(-16))/((-2 + 3)/p). Calculate the greatest common divisor of y and d.
7
Suppose b + 99 = 203. Calculate the greatest common divisor of b and 13.
13
Let g = 9 - 5. Let h = g - 4. Let q be 228 - (h + 15)/5. What is the greatest common divisor of 25 and q?
25
Let l = 439 - 299. What is the highest common factor of 20 and l?
20
Let r be (-2 - 5/(-2)) + (-855)/(-30). What is the greatest common divisor of 1 and r?
1
Suppose 13 = 3*x + v, -3*v + 6*v - 11 = -2*x. Let b be ((-84)/(-35))/(2/5). Suppose -x = 4*y, 2*y = p + p - b. What is the highest common factor of p and 8?
2
Let u = -41 - -58. Let b be (-9)/(-3)*(11 + 6). Calculate the greatest common factor of b and u.
17
Let o = 80 - 8. What is the greatest common factor of 32 and o?
8
Suppose -h - 2*w + 57 = 0, 5*h - w - 164 = 2*h. What is the greatest common factor of h and 5?
5
Suppose y = -q - 1, -2*q - 5*y = -2 - 2. Suppose 4*n - 20 = -4*g, -4*g + 4 = -2*g + 4*n. Let s = q + g. Calculate the highest common divisor of 10 and s.
5
Suppose -14*a + 2268 = 4*a. Calculate the greatest common divisor of a and 28.
14
Let m be -55*(0 - 1 - 1). Suppose 50*v = -25*v + 750. What is the highest common factor of m and v?
10
Suppose 840 = 41*h - h. What is the greatest common factor of h and 21?
21
Let j be 600/9 - 12/18. Let h = j + -93. Let m be (-18)/h - 151/(-3). Calculate the greatest common divisor of 17 and m.
17
Let r be (-1)/(6/(-81))*(-1140)/(-30). Calculate the greatest common divisor of r and 57.
57
Suppose 0*w = 3*w - 66. Let u be ((-693)/(-36))/(2/16). Calculate the highest common factor of w and u.
22
Let k = -64 + 67. Suppose -4*d = 2*x - 232, -2*x - k*x - 2*d + 556 = 0. Calculate the greatest common divisor of x and 10.
10
Let v be 12/(-138) + (70045/115 - 6). What is the greatest common divisor of 134 and v?
67
Suppose -307*n + 322*n - 105 = 0. What is the highest common divisor of 161 and n?
7
Let y(i) = i**2 - 3*i + 1. Let x be y(-3). Let v be (6/15)/((-3)/(-15)). Let u be -2 + v/(-1) + (5 - -132). What is the highest common factor of x and u?
19
Let z be (0 - 1) + (3 - -1). Suppose d + 7 = 2*w, 3 = -0*d + z*d. Suppose 13*c - 5*c = 160. Calculate the highest common factor of w and c.
4
Let a be (-866)/(-14) + (-248)/(-217). Calculate the highest common factor of a and 1197.
63
Let z = -65 - -68. Suppose -6*k + 3*g + 102 = -2*k, k + g = 22. Calculate the highest common divisor of k and z.
3
Let w be (-7 + (-35)/(-21))/(2/(-6)). Calculate the highest common factor of 2 and w.
2
Let c be 0 - 15 - (-6 + 5). Let x be (-66)/c - 20/(-70). Let n be (-2)/x + 156/15. What is the highest common factor of 4 and n?
2
Let z = 6 + -10. Let f(o) = -3*o**2 - 11*o - 5. Let s be f(z). Let c be (s - -2)*780/(-42). What is the greatest common factor of c and 52?
26
Let t = 19 + 8. Let x = -43 + t. Let a be (-644)/6*24/x. Calculate the greatest common divisor of 23 and a.
23
Suppose 0 = 15*n - 2995 - 2105. What is the greatest common divisor of n and 204?
68
Let p be (-8)/(-44) - 48/22. Let z(o) = -3*o**3 - o**2 + o + 4. Let f be z(p). What is the greatest common divisor of 176 and f?
22
Let d(c) = 4*c + 62. Let m be d(-15). Suppose 3*n = -12, -2*g + 197 - 51 = -m*n. Calculate the greatest common factor of g and 23.
23
Let k(f) = f**3 + 4*f**2 + 4*f + 5. Let h be k(-3). Suppose -2*j = h*r - 0*j - 8, -4*r = -j - 31. What is the greatest common factor of 189 and r?
7
Suppose -5*y - 142 = 3*w, 0*y - 4*y + 2*w = 96. Let h = -4 - y. Calculate the highest common divisor of 11 and h.
11
Suppose 0 = -5*v + 8*v + 4*k - 9, -2*k + 15 = 5*v. What is the highest common divisor of v and 132?
3
Let w = 21 + -82. Let v = -39 - w. Let s(f) = -f**2 + f + 242. Let q be s(0). Calculate the highest common factor of v and q.
22
Let o be ((-3)/27 - 0) + 651/27. Calculate the greatest common factor of o and 600.
24
Suppose 0 = 5*n + 17 - 22. Let r = 2 + n. What is the highest common factor of r and 2?
1
Suppose -2*x - 4*l + 112 = 0, -3*x - 4*l = -258 + 80. Calculate the highest common factor of x and 132.
66
Let g be ((-6)/8)/((-4)/16). Let h = g - -12. Let m = 14 + h. Calculate the greatest common divisor of m and 203.
29
Let i = 86 + -75. Let t = 4 - 3. Calculate the greatest common divisor of i and t.
1
Suppose 0 = k - 1, 2*k + k - 3 = 4*z. Suppose z = -6*q + 185 + 7. Calculate the greatest common divisor of 4 and q.
4
Suppose 3*l = -5*u + 97, -5*u + 22 = 4*l - 109. Suppose 12 = 35*c - l*c. Calculate the highest common divisor of c and 132.
12
Let a be (-17473)/(-1038) - ((-1)/6 + 0). Calculate the greatest common factor of a and 442.
17
Suppose -6504 = -9*m - 744. What is the highest common divisor of 80 and m?
80
Let o(p) = -4*p**2 + 5*p + 11*p**2 - 9 + 19*p**2. Let a be o(2). Calculate the greatest common factor of 42 and a.
21
Suppose 0 = 4*f - b - 737, -4*f + 534 = -f + 3*b. Let t = f - 147. Suppose -16 = -4*r - 0*r. Calculate the highest common factor of r and t.
4
Suppose -2*z = 2, t + 2*z - 1 = -2*z. Let r(g) = g**2 + 4*g - 31. Let m be r(4). Suppose t*d - 141 = -m. What is the greatest common divisor of d and 4?
4
Suppose 8*k - 272 = 5*k + 5*p, -5*p - 84 = -k. What is the greatest common factor of k and 141?
47
Let v(s) = 2*s**2 + 9*s - 56. Let p(c) = c**2 + 5*c - 28. Let h(w) = -13*p(w) + 6*v(w). Let k be h(-12). What is the highest common factor of 2 and k?
2
Suppose 0 = -49*w + 64*w - 1350. Calculate the greatest common divisor of w and 240.
30
Let y be (10 - 8)/1 + 13. Calculate the greatest common factor of y and 15.
15
Let c(r) = r**3 + 3*r**2 + r - 9. Let h be c(2). What is the greatest common divisor of 13 and h?
13
Let c = 0 + 11. Let o be 2/15 + (-5765)/(-75). What is the greatest common divisor of c and o?
11
Let o be (11 - (-4 + 3))*(-9)/(-6). What is the highest common factor of 234 and o?
18
Let j be (-2)/((-12)/(-27))*56/(-12). Suppose -747 = -3*z + j. Let h be 1/(2/4)*16. Calculate the greatest common factor of h and z.
32
Suppose 13*o - 1903 = 1139. Calculate the highest common factor of 36 and o.
18
Suppose m - 8 - 8 = 0. Let l(w) = -w**3 + 7*w**2 - 5*w + 4. Let i be (-6)/4*10/(-45)*12. Let d be l(i). Calculate the greatest common factor of m and d.
16
Let z(k) = k**3 - 7*k**2 + 6*k + 6. Let n be z(6). Let s be 0/(-1 + (5 - 3)). Let h be s/(-2) + 2 - -4. Calculate the greatest common divisor of n and h.
6
Let i(v) = v**3 - 7*v**2 - 12*v + 77. Let j be i(11). Calculate the greatest common divisor of 22 and j.
11
Let w = -31 - -184. Suppose -2*i - h = -4*h - w, -303 = -4*i + 3*h. What is the highest common factor of 25 and i?
25
Let u = -2250 + 3914. Calculate the highest common factor of 13 and u.
13
Suppose -26*k + 20*k + 36 = 0. What is the greatest common divisor of k and 294?
6
Let p(q) = -q**3 + 15*q**2 - q + 39. Let c be p(15). Calculate the greatest common divisor of c and 16.
8
Let b = 147 + -43. Let g = -63 + 107. Suppose 0*q + 48 = 4*u - 4*q, -5*q = 3*u - g. What is the greatest common factor of b and u?
13
Let v be (-12)/9*66/(-8). Calculate the highest common divisor of 275 and v.
11
Let l = 2 + -8. Let p be -1 + 3*(-4)/l. Let s(g) = g**3 + 25*g**2 + 112*g - 27. Let m be s(-19). Calculate the highest common divisor of p and m.
1
Let g(h) = 33*h - 151. Let v be g(5). Calculate the highest common divisor of v and 56.
14
Let o = -1010 - -1240. Calculate the greatest common divisor of 20 and o.
10
Let o(x) = 15*x + 1. Suppose 5*v - 5 - 10 = 0. Let l be o(v). Suppose -3*i = 2*g - 4*g + 221, 2*g = 4*i + 218. Calculate the greatest common divisor of l and g.
23
Let v be (4 - (-182)/(-35))*-5. What is the highest common factor of v and 60?
6
Let k = 2147 + -2144. Calculate the greatest common factor of k and 753.
3
Let u be 20/30 - 5/(-15)*1030. Calculate the greatest common factor of u and 43.
43
Suppose 5*g = -25, -355 = -2*b - 3*g + 210. Calculate the greatest common divisor of b and 406.
58
Let y(p) be the first derivative of -2*p**2 + 93*p - 29. Let x be y(22). What is the greatest common divisor of x and 35?
5
Let a be (435/105 + -3)/(2/7). What is the highest common divisor of 90 and a?
2
Let q(z) = -z**2 - 12*z - 18.